{"id":4495,"date":"2025-05-19T13:47:25","date_gmt":"2025-05-19T11:47:25","guid":{"rendered":"https:\/\/liceulfinlandez.ro\/shop\/?post_type=product&#038;p=4495"},"modified":"2025-10-19T11:58:27","modified_gmt":"2025-10-19T09:58:27","slug":"jocul-conectat-de-la-inima-la-inima","status":"publish","type":"product","link":"https:\/\/liceulfinlandez.ro\/shop\/produs\/jocul-conectat-de-la-inima-la-inima\/","title":{"rendered":"Jocul Conectat: De la inim\u0103 la inim\u0103"},"content":{"rendered":"<p>\u201cDistan\u021ba dintre noi nu este calculat\u0103 \u00een kilometri, ci \u00een num\u0103rul lucrurilor nespuse.\u201d<\/p>\n<p>Jocul \u201cConectat: de la inima la inim\u0103\u201d propune c\u00e2teva \u00eentreb\u0103ri pe care e musai s\u0103 le adresezi \u00eentr-o rela\u021bie pe care o nume\u0219ti \u201csemnificativ\u0103\u201d.<\/p>\n<p>&nbsp;<\/p>\n<p>Am creat acest joc de dragul acelor oameni care caut\u0103 s\u0103 se conecteze autentic \u0219i care \u0219tiu c\u0103 rela\u021biile profunde se cl\u0103desc cu efort, disciplin\u0103 \u0219i hot\u0103r\u00e2re.<br \/>\nDaca ai sim\u021bit vreodat\u0103 c\u0103 o rela\u021bie a \u00eenceput s\u0103 se deterioreze, sau c\u0103 \u021bi-e tot mai dificil s\u0103 \u00eencepi conversa\u021bii de suflet cu o persoan\u0103 ce, anterior, \u00ee\u021bi era drag\u0103, se prea poate s\u0103 prive\u0219ti c\u0103tre o \u201cboal\u0103\u201d a acestui secol: deconectarea. Iar aceasta se manifest\u0103 tot mai des, tot mai mult \u0219i cu tot mai multe victime.<br \/>\nF\u0103r\u0103 s\u0103 ne erij\u0103m \u00een savan\u021bi salvatori de lumi, venim c\u0103tre tine cu un antidot pentru deconectare.<\/p>\n<p>Spor\u00a0la\u00a0conectare!<\/p>\n","protected":false},"excerpt":{"rendered":"<p>\u201cDistan\u021ba dintre noi nu este calculat\u0103 \u00een kilometri, ci \u00een num\u0103rul lucrurilor nespuse.\u201d Jocul \u201cConectat: de la inima la inim\u0103\u201d propune c\u00e2teva \u00eentreb\u0103ri pe care e musai s\u0103 le adresezi \u00eentr-o rela\u021bie pe care o nume\u0219ti \u201csemnificativ\u0103\u201d. &nbsp; Am creat acest joc de dragul acelor oameni care caut\u0103 s\u0103 se conecteze autentic \u0219i care \u0219tiu [&hellip;]<\/p>\n","protected":false},"author":67,"featured_media":4500,"template":"","meta":{"site-sidebar-layout":"default","site-content-layout":"","ast-site-content-layout":"default","site-content-style":"default","site-sidebar-style":"default","ast-global-header-display":"","ast-banner-title-visibility":"","ast-main-header-display":"","ast-hfb-above-header-display":"","ast-hfb-below-header-display":"","ast-hfb-mobile-header-display":"","site-post-title":"","ast-breadcrumbs-content":"","ast-featured-img":"","footer-sml-layout":"","ast-disable-related-posts":"","theme-transparent-header-meta":"default","adv-header-id-meta":"","stick-header-meta":"","header-above-stick-meta":"","header-main-stick-meta":"","header-below-stick-meta":"","astra-migrate-meta-layouts":"set","ast-page-background-enabled":"default","ast-page-background-meta":{"desktop":{"background-color":"var(--ast-global-color-4)","background-image":"","background-repeat":"repeat","background-position":"center center","background-size":"auto","background-attachment":"scroll","background-type":"","background-media":"","overlay-type":"","overlay-color":"","overlay-opacity":"","overlay-gradient":""},"tablet":{"background-color":"","background-image":"","background-repeat":"repeat","background-position":"center center","background-size":"auto","background-attachment":"scroll","background-type":"","background-media":"","overlay-type":"","overlay-color":"","overlay-opacity":"","overlay-gradient":""},"mobile":{"background-color":"","background-image":"","background-repeat":"repeat","background-position":"center center","background-size":"auto","background-attachment":"scroll","background-type":"","background-media":"","overlay-type":"","overlay-color":"","overlay-opacity":"","overlay-gradient":""}},"ast-content-background-meta":{"desktop":{"background-color":"var(--ast-global-color-5)","background-image":"","background-repeat":"repeat","background-position":"center center","background-size":"auto","background-attachment":"scroll","background-type":"","background-media":"","overlay-type":"","overlay-color":"","overlay-opacity":"","overlay-gradient":""},"tablet":{"background-color":"var(--ast-global-color-5)","background-image":"","background-repeat":"repeat","background-position":"center center","background-size":"auto","background-attachment":"scroll","background-type":"","background-media":"","overlay-type":"","overlay-color":"","overlay-opacity":"","overlay-gradient":""},"mobile":{"background-color":"var(--ast-global-color-5)","background-image":"","background-repeat":"repeat","background-position":"center center","background-size":"auto","background-attachment":"scroll","background-type":"","background-media":"","overlay-type":"","overlay-color":"","overlay-opacity":"","overlay-gradient":""}}},"product_brand":[],"product_cat":[40],"product_tag":[],"class_list":{"0":"post-4495","1":"product","2":"type-product","3":"status-publish","4":"has-post-thumbnail","6":"product_cat-jocuri","7":"product_shipping_class-pachete-usoare","8":"desktop-align-left","9":"tablet-align-left","10":"mobile-align-left","12":"first","13":"instock","14":"purchasable","15":"product-type-simple"},"aioseo_notices":[],"_links":{"self":[{"href":"https:\/\/liceulfinlandez.ro\/shop\/wp-json\/wp\/v2\/product\/4495","targetHints":{"allow":["GET"]}}],"collection":[{"href":"https:\/\/liceulfinlandez.ro\/shop\/wp-json\/wp\/v2\/product"}],"about":[{"href":"https:\/\/liceulfinlandez.ro\/shop\/wp-json\/wp\/v2\/types\/product"}],"author":[{"embeddable":true,"href":"https:\/\/liceulfinlandez.ro\/shop\/wp-json\/wp\/v2\/users\/67"}],"wp:featuredmedia":[{"embeddable":true,"href":"https:\/\/liceulfinlandez.ro\/shop\/wp-json\/wp\/v2\/media\/4500"}],"wp:attachment":[{"href":"https:\/\/liceulfinlandez.ro\/shop\/wp-json\/wp\/v2\/media?parent=4495"}],"wp:term":[{"taxonomy":"product_brand","embeddable":true,"href":"https:\/\/liceulfinlandez.ro\/shop\/wp-json\/wp\/v2\/product_brand?post=4495"},{"taxonomy":"product_cat","embeddable":true,"href":"https:\/\/liceulfinlandez.ro\/shop\/wp-json\/wp\/v2\/product_cat?post=4495"},{"taxonomy":"product_tag","embeddable":true,"href":"https:\/\/liceulfinlandez.ro\/shop\/wp-json\/wp\/v2\/product_tag?post=4495"}],"curies":[{"name":"wp","href":"https:\/\/api.w.org\/{rel}","templated":true}]}}